 are the prime factors of 8832039?
3, 179, 16447
List the prime factors of 1294453.
1294453
List the prime factors of 5513915.
5, 11, 29, 3457
List the prime factors of 959322.
2, 3, 7, 13, 251
What are the prime factors of 33171410?
2, 5, 353, 9397
List the prime factors of 16625857.
71, 234167
List the prime factors of 4983214.
2, 2491607
What are the prime factors of 2798681?
19, 147299
List the prime factors of 1263872.
2, 4937
List the prime factors of 101659.
277, 367
List the prime factors of 4412032.
2, 34469
What are the prime factors of 1498858?
2, 749429
List the prime factors of 1411353.
3, 156817
What are the prime factors of 613459?
7, 11, 31, 257
What are the prime factors of 1289218?
2, 7, 71, 1297
List the prime factors of 244649.
349, 701
What are the prime factors of 147337?
251, 587
List the prime factors of 1355576.
2, 29, 5843
What are the prime factors of 25097240?
2, 5, 7, 89633
What are the prime factors of 2585134?
2, 1292567
List the prime factors of 329316.
2, 3, 13, 2111
What are the prime factors of 127603?
7, 18229
What are the prime factors of 6424198?
2, 11, 17, 89, 193
What are the prime factors of 2402939?
7, 11, 2837
List the prime factors of 470628.
2, 3, 17, 769
What are the prime factors of 33272307?
3, 3696923
List the prime factors of 1791429.
3, 37, 16139
What are the prime factors of 198729?
3, 71, 311
List the prime factors of 5950860.
2, 3, 5, 99181
List the prime factors of 200916.
2, 3, 5581
What are the prime factors of 8048826?
2, 3, 43, 10399
What are the prime factors of 4568052?
2, 3, 151, 2521
What are the prime factors of 2391907?
7, 341701
What are the prime factors of 738000?
2, 3, 5, 41
List the prime factors of 2894678.
2, 647, 2237
What are the prime factors of 7808258?
2, 37, 105517
List the prime factors of 1603748.
2, 71, 5647
List the prime factors of 98370.
2, 3, 5, 1093
What are the prime factors of 673963?
227, 2969
List the prime factors of 1219330.
2, 5, 7, 17419
What are the prime factors of 3686175?
3, 5, 43, 127
List the prime factors of 147755.
5, 29, 1019
What are the prime factors of 1983033?
3, 13, 17, 997
List the prime factors of 726082.
2, 7, 31, 239
List the prime factors of 1435800.
2, 3, 5, 2393
What are the prime factors of 20264813?
331, 61223
What are the prime factors of 1766817?
3, 13, 15101
What are the prime factors of 52919?
52919
List the prime factors of 19421569.
19421569
List the prime factors of 164948.
2, 7, 43, 137
List the prime factors of 15707249.
15707249
What are the prime factors of 11686828?
2, 197, 14831
List the prime factors of 970146.
2, 3, 53897
List the prime factors of 333699.
3, 41, 2713
What are the prime factors of 369440?
2, 5, 2309
What are the prime factors of 1303429?
53, 24593
What are the prime factors of 1202272?
2, 37571
List the prime factors of 373806.
2, 3, 19, 1093
List the prime factors of 1077126.
2, 3, 31, 5791
List the prime factors of 1049607.
3, 13, 8971
List the prime factors of 40164530.
2, 5, 7, 31, 83, 223
What are the prime factors of 204627?
3, 68209
List the prime factors of 4023088.
2, 251443
What are the prime factors of 1504388?
2, 376097
What are the prime factors of 1318628?
2, 329657
List the prime factors of 2951628.
2, 3, 223, 1103
What are the prime factors of 591620?
2, 5, 29581
List the prime factors of 171628.
2, 107, 401
What are the prime factors of 83468?
2, 7, 11, 271
What are the prime factors of 9057781?
101, 89681
What are the prime factors of 183590?
2, 5, 11, 1669
List the prime factors of 331813.
41, 8093
List the prime factors of 245010.
2, 3, 5, 8167
What are the prime factors of 2016794?
2, 13, 77569
List the prime factors of 5426219.
29, 187111
List the prime factors of 25341429.
3, 2351, 3593
List the prime factors of 2955638.
2, 7, 23, 67, 137
What are the prime factors of 8332094?
2, 4166047
What are the prime factors of 62754?
2, 3, 10459
List the prime factors of 4225990.
2, 5, 269, 1571
What are the prime factors of 13616?
2, 23, 37
What are the prime factors of 3076600?
2, 5, 15383
What are the prime factors of 1691903?
23, 73561
List the prime factors of 23324832.
2, 3, 80989
List the prime factors of 4855202.
2, 11, 199, 1109
List the prime factors of 6466847.
6466847
List the prime factors of 698428.
2, 17, 10271
What are the prime factors of 1144176?
2, 3, 11, 197
List the prime factors of 1337770.
2, 5, 7, 29, 659
List the prime factors of 8710514.
2, 23, 8233
List the prime factors of 244018.
2, 17, 7177
What are the prime factors of 497337?
3, 165779
List the prime factors of 10347879.
3, 53, 151, 431
List the prime factors of 633734.
2, 43, 7369
What are the prime factors of 48963?
3, 19, 859
What are the prime factors of 955275?
3, 5, 47, 271
List the prime factors of 1140615.
3, 5, 7, 17, 71
What are the prime factors of 2902393?
13, 17, 23, 571
What are the prime factors of 12632730?
2, 3, 5, 11, 38281
What are the prime factors of 457090?
2, 5, 43, 1063
What are the prime factors of 428472?
2, 3, 11, 541
List the prime factors of 113143.
113143
List the prime factors of 3643137.
3, 41, 1097
What are the prime factors of 2221957?
419, 5303
List the prime factors of 1174455.
3, 5, 26099
What are the prime factors of 2008134?
2, 3, 29, 3847
List the prime factors of 314852.
2, 78713
List the prime factors of 2566003.
11, 479, 487
What are the prime factors of 36450?
2, 3, 5
List the prime factors of 4007772.
2, 3, 43, 863
What are the prime factors of 24797916?
2, 3, 11, 13, 4817
List the prime factors of 7396.
2, 43
List the prime factors of 584806.
2, 269, 1087
List the prime factors of 1390868.
2, 347717
What are the prime factors of 1052801?
1052801
List the prime factors of 504089.
19, 43, 617
What are the prime factors of 1562603?
7, 223229
What are the prime factors of 11090306?
2, 37, 73, 2053
What are the prime factors of 453946?
2, 59, 3847
List the prime factors of 9766.
2, 19, 257
List the prime factors of 555874.
2, 11, 2297
What are the prime factors of 4894536?
2, 3, 109, 1871
What are the prime factors of 2942595?
3, 5, 71, 307
What are the prime factors of 1821195?
3, 5, 40471
What are the prime factors of 7448812?
2, 7, 266029
List the prime factors of 282572.
2, 41, 1723
What are the prime factors of 214463?
214463
List the prime factors of 714160.
2, 5, 79, 113
List the prime factors of 16026384.
2, 3, 11, 127, 239
List the prime factors of 13446559.
7, 23, 47, 1777
What are the prime factors of 33513?
3, 11171
List the prime factors of 715106.
2, 7, 7297
List the prime factors of 2609986.
2, 769, 1697
What are the prime factors of 13760550?
2, 3, 5, 10193
List the prime factors of 26582702.
2, 61, 109, 1999
What are the prime factors of 51230?
2, 5, 47, 109
What are the prime factors of 247742?
2, 11, 11261
List the prime factors of 17288916.
2, 3, 23, 37, 1693
What are the prime factors of 7157552?
2, 269, 1663
List the prime factors of 840429.
3, 17, 1831
List the prime factors of 273313.
273313
What are the prime factors of 136998?
2, 3, 43, 59
List the prime factors of 16637382.
2, 3, 924299
List the prime factors of 8062047.
3, 7, 73, 1753
What are the prime factors of 639428?
2, 159857
List the prime factors of 2138121.
3, 353, 673
List the prime factors of 6364902.
2, 3, 17, 62401
List the prime factors of 108054.
2, 3, 23, 29
What are the prime factors of 16430789?
17, 269, 3593
What are the prime factors of 898163?
7, 31, 4139
What are the prime factors of 14243538?
2, 3, 47, 53, 953
What are the prime factors of 213097?
213097
List the prime factors of 640835.
5, 13, 9859
List the prime factors of 5958045.
3, 5, 31, 4271
What are the prime factors of 11316437?
11, 23, 44729
List the prime factors of 527057.
527057
List the prime factors of 1929017.
167, 11551
List the prime factors of 3772746.
2, 3, 209597
List the prime factors of 261813.
3, 197, 443
What are the prime factors of 73649?
47, 1567
List the prime factors of 3571558.
2, 1785779
List the prime factors of 230344.
2, 28793
List the prime factors of 4185923.
7, 85427
What are the prime factors of 1810982?
2, 905491
What are the prime factors of 1344124?
2, 336031
List the prime factors of 1671486.
2, 3, 278581
What are the prime factors of 170492?
2, 7, 6089
List the prim